
24
Calculate the remainder when 243515 is divided by 273.
272
Calculate the remainder when 67154 is divided by 3.
2
What is the remainder when 6798 is divided by 6785?
13
What is the remainder when 16643 is divided by 228?
227
Calculate the remainder when 100044 is divided by 187.
186
What is the remainder when 3110 is divided by 238?
16
What is the remainder when 39347 is divided by 18?
17
What is the remainder when 465447 is divided by 107?
104
Calculate the remainder when 2587 is divided by 1018.
551
Calculate the remainder when 2353 is divided by 1872.
481
Calculate the remainder when 3888 is divided by 306.
216
What is the remainder when 2145 is divided by 2111?
34
What is the remainder when 399979 is divided by 597?
586
What is the remainder when 2871 is divided by 877?
240
Calculate the remainder when 1615 is divided by 1596.
19
Calculate the remainder when 86698 is divided by 1771.
1690
What is the remainder when 7798 is divided by 7734?
64
Calculate the remainder when 679777 is divided by 8715.
7
Calculate the remainder when 32079 is divided by 142.
129
What is the remainder when 9823 is divided by 81?
22
What is the remainder when 39086 is divided by 303?
302
Calculate the remainder when 5291 is divided by 497.
321
Calculate the remainder when 30626 is divided by 26.
24
What is the remainder when 303 is divided by 123?
57
Calculate the remainder when 15969 is divided by 75.
69
What is the remainder when 31632 is divided by 31620?
12
What is the remainder when 6148 is divided by 1226?
18
Calculate the remainder when 893341 is divided by 17.
8
Calculate the remainder when 4588 is divided by 5.
3
What is the remainder when 97926 is divided by 365?
106
Calculate the remainder when 4847 is divided by 1112.
399
What is the remainder when 6368 is divided by 722?
592
Calculate the remainder when 120443 is divided by 40142.
17
Calculate the remainder when 49282 is divided by 8.
2
What is the remainder when 238717 is divided by 79569?
10
Calculate the remainder when 828684 is divided by 568.
540
What is the remainder when 119788 is divided by 363?
361
Calculate the remainder when 3345688 is divided by 1145.
1143
What is the remainder when 60825 is divided by 20?
5
What is the remainder when 444 is divided by 199?
46
What is the remainder when 14565 is divided by 3638?
13
Calculate the remainder when 25896 is divided by 157.
148
Calculate the remainder when 217146 is divided by 36188.
18
What is the remainder when 11595 is divided by 290?
285
Calculate the remainder when 57859 is divided by 110.
109
What is the remainder when 59886 is divided by 14970?
6
Calculate the remainder when 188479 is divided by 3769.
29
What is the remainder when 19878 is divided by 3974?
8
Calculate the remainder when 405 is divided by 208.
197
Calculate the remainder when 13070 is divided by 2610.
20
Calculate the remainder when 204890 is divided by 20.
10
Calculate the remainder when 5503984 is divided by 68.
64
Calculate the remainder when 3144 is divided by 384.
72
What is the remainder when 5699 is divided by 144?
83
Calculate the remainder when 502085 is divided by 1066.
1065
What is the remainder when 25286 is divided by 19?
16
Calculate the remainder when 170331 is divided by 1812.
3
What is the remainder when 8145 is divided by 8144?
1
What is the remainder when 2882 is divided by 51?
26
What is the remainder when 66164 is divided by 203?
189
Calculate the remainder when 10608 is divided by 159.
114
Calculate the remainder when 15638 is divided by 142.
18
Calculate the remainder when 9075 is divided by 445.
175
Calculate the remainder when 37463 is divided by 2196.
131
What is the remainder when 80494 is divided by 44?
18
Calculate the remainder when 5959 is divided by 44.
19
What is the remainder when 56992 is divided by 760?
752
What is the remainder when 4300881 is divided by 252?
249
Calculate the remainder when 17546 is divided by 54.
50
Calculate the remainder when 277700 is divided by 232.
228
What is the remainder when 1211 is divided by 216?
131
Calculate the remainder when 1039 is divided by 272.
223
Calculate the remainder when 9569 is divided by 1337.
210
Calculate the remainder when 270645 is divided by 13.
11
Calculate the remainder when 16010 is divided by 334.
312
Calculate the remainder when 876 is divided by 392.
92
Calculate the remainder when 444296 is divided by 30.
26
What is the remainder when 8065 is divided by 22?
13
Calculate the remainder when 313012 is divided by 10097.
5
Calculate the remainder when 16417 is divided by 3274.
47
Calculate the remainder when 5618 is divided by 1229.
702
Calculate the remainder when 20808 is divided by 11.
7
Calculate the remainder when 11957 is divided by 260.
257
Calculate the remainder when 16930 is divided by 4222.
42
Calculate the remainder when 20893 is divided by 63.
40
What is the remainder when 7471 is divided by 16?
15
What is the remainder when 461110 is divided by 11?
1
Calculate the remainder when 2313 is divided by 1156.
1
What is the remainder when 13909 is divided by 101?
72
What is the remainder when 46699 is divided by 5825?
99
Calculate the remainder when 1094 is divided by 505.
84
Calculate the remainder when 1901 is divided by 145.
16
Calculate the remainder when 13684 is divided by 851.
68
What is the remainder when 16815 is divided by 328?
87
Calculate the remainder when 598626 is divided by 436.
434
Calculate the remainder when 30771 is divided by 931.
48
What is the remainder when 703 is divided by 98?
17
Calculate the remainder when 1285 is divided by 192.
133
What is the remainder when 10420 is divided by 94?
80
Calculate the remainder when 7183 is divided by 483.
421
Calculate the remainder when 110813 is divided by 108.
5
Calculate the remainder when 7219 is divided by 2402.
13
What is the remainder when 28238 is divided by 230?
178
Calculate the remainder when 1344 is divided by 660.
24
What is the remainder when 530579 is divided by 132640?
19
Calculate the remainder when 1200 is divided by 266.
136
What is the remainder when 16155 is divided by 4031?
31
Calculate the remainder when 663565 is divided by 36864.
13
What is the remainder when 97815 is divided by 1778?
25
Calculate the remainder when 7245 is divided by 14.
7
What is the remainder when 7748 is divided by 31?
29
Calculate the remainder when 4583 is divided by 4544.
39
What is the remainder when 1353 is divided by 405?
138
Calculate the remainder when 19390 is divided by 1140.
10
Calculate the remainder when 553681 is divided by 55368.
1
Calculate the remainder when 25558 is divided by 107.
92
Calculate the remainder when 176673 is divided by 58882.
27
Calculate the remainder when 16525 is divided by 1100.
25
What is the remainder when 900 is divided by 371?
158
Calculate the remainder when 18391 is divided by 2316.
2179
What is the remainder when 13726 is divided by 158?
138
Calculate the remainder when 25090 is divided by 36.
34
Calculate the remainder when 1204 is divided by 1046.
158
Calculate the remainder when 14095 is divided by 214.
185
What is the remainder when 8899 is divided by 4419?
61
What is the remainder when 36172 is divided by 2?
0
What is the remainder when 17790 is divided by 110?
80
What is the remainder when 235511 is divided by 7?
3
What is the remainder when 3926502 is divided by 32?
6
What is the remainder when 5372310 is divided by 902?
900
What is the remainder when 13719 is divided by 56?
55
What is the remainder when 116386 is divided by 366?
364
Calculate the remainder when 29050 is divided by 350.
0
Calculate the remainder when 43678 is divided by 695.
588
Calculate the remainder when 64233 is divided by 6344.
793
What is the remainder when 926 is divided by 673?
253
Calculate the remainder when 85200 is divided by 42600.
0
Calculate the remainder when 37453 is divided by 427.
304
Calculate the remainder when 30868 is divided by 4.
0
Calculate the remainder when 598 is divided by 42.
10
Calculate the remainder when 93601 is divided by 17.
16
What is the remainder when 192124 is divided by 130?
114
Calculate the remainder when 59765 is divided by 61.
46
Calculate the remainder when 6237507 is divided by 15.
12
Calculate the remainder when 2686 is divided by 1386.
1300
What i